l - u. Calculate the highest common divisor of l and 65.
13
Let u = 12 - -13. Suppose 4*g - 2 = -v + 3*v, 19 = 2*v + 3*g. Suppose v*y - 25 = 3*t, -6*y + y + u = -t. What is the highest common divisor of 10 and y?
5
Let w(f) = -f**2 + 26*f + 40. Let i be w(24). Calculate the highest common factor of i and 66.
22
Let k(p) = 9*p**2 + 24*p - 38. Let q(o) = -6*o**2 - 16*o + 25. Let a(d) = -5*k(d) - 8*q(d). Let v be a(-7). Calculate the greatest common factor of v and 9.
9
Let r be (1*-1)/(3/(-18)). Suppose 0 = -w + 2*w + 3*q, q - 14 = -5*w. Suppose 39 = r*i - w*i. Calculate the greatest common divisor of i and 65.
13
Let z(b) = -b**3 + 2*b**2 + b - 2. Let p be z(-2). Let h be 1/5 - (-1003)/85. Calculate the greatest common divisor of h and p.
12
Suppose 0 = -4*r + 31 + 1. Let a(u) = 8*u**2 + 12*u + 24. Let g be a(-2). Calculate the highest common divisor of g and r.
8
Let w(a) = a**2 - 5*a + 7. Let r be w(4). Suppose 4*f + b = -b + 152, -107 = -r*f + 2*b. Calculate the greatest common divisor of f and 333.
37
Suppose -5*c = 4*r + r - 60, -2*c = 5*r - 15. Suppose 0*y + 5*y - c = 0. Suppose -y*h + 60 = 3*h. What is the highest common divisor of h and 5?
5
Suppose 0 = 5*d + 2*h - 7*h - 10, -5*h + 5 = 0. Let g be d + -1 + (4 - -2). Suppose 27*w = 25*w + g. What is the greatest common divisor of 32 and w?
4
Let r = 139 + -60. Suppose -211 = -4*x - r. Calculate the highest common factor of x and 3.
3
Suppose 5*x = 468 + 632. Let u(k) = -20*k**3 - k**2 - k. Let s be (2/4)/((-1)/2). Let h be u(s). Calculate the greatest common factor of x and h.
20
Let c be 1 + -1 + 12 + 0. Let u = -1909 - -1921. Calculate the greatest common divisor of u and c.
12
Let b be (-3 - (4 - 13)) + (-3 - 0). What is the greatest common divisor of 48 and b?
3
Let b be -9*((-2)/6 + 938/(-21)). What is the greatest common factor of 15 and b?
15
Suppose 1456 = -17*b + 21*b. Suppose -b = -4*f - 3*f. What is the highest common factor of f and 26?
26
Let j = 20 - 40. Suppose 2*h = 6*h + 56. Let k = h - j. Calculate the highest common divisor of 6 and k.
6
Let g(k) = 43*k - 4. Let b(w) = -w + 6*w - 15 - 3*w. Let y be b(9). Let n be g(y). What is the highest common divisor of 25 and n?
25
Let b = 187 + -169. What is the highest common factor of b and 450?
18
Let v(o) = -2*o**3 - 29*o**2 + 38*o + 11. Let x be v(-16). What is the greatest common factor of 399 and x?
57
Let h(w) be the first derivative of -w**4/4 - 5*w**3 - 25*w**2/2 + 17*w + 23. Let f be h(-13). Calculate the greatest common factor of 28 and f.
4
Let l(u) = -18*u**3 + u**2 - 1. Let d(n) = 36*n**3 - 2*n**2 + 2. Let r(y) = -6*d(y) - 13*l(y). Let s be r(1). Calculate the highest common divisor of 2 and s.
2
Let y be (10 + 1)/(-2 - -3). Let d(x) = -x**2 - 4*x - 1. Let f be d(-3). Suppose -f*r + y = -13. Calculate the greatest common factor of 36 and r.
12
Let l = -3 + 6. Let p be l/15 + (-36)/(-20). Suppose -a - p*a = -42. Calculate the greatest common divisor of 112 and a.
14
Let l be (-1 - -1)*(-4 + 3). Let r(u) = u**2 + 2*u - 3. Let h be r(l). Let f be (-30 + h)/((-9)/24). Calculate the highest common factor of 22 and f.
22
Let g = 23 + 29. What is the greatest common factor of 91 and g?
13
Let y be -83 + ((-6)/(-4) - (-6)/(-4)). Let x = y + 187. Calculate the greatest common divisor of x and 13.
13
Suppose -455 = 4*j + j. Let k be (-8)/(-52) - 9541/j. What is the greatest common divisor of 21 and k?
21
Let q be 2/9 + (-230)/(-18). Suppose -j + 2*f = -5*j + 360, j - 4*f - 99 = 0. Calculate the highest common factor of q and j.
13
Let k(h) = h**3 + 17*h**2 - 5*h - 16. Let y be k(-17). Suppose 0 = 10*z - 8*z - 92. Calculate the greatest common divisor of y and z.
23
Suppose 105 = 4*r + k, -2*k - 132 = -5*r - 4*k. Let v = r - 18. Calculate the highest common divisor of v and 20.
4
Let n = 54 - 31. Suppose n = 4*y - 17. What is the highest common divisor of y and 70?
10
Suppose 34*o = -36*o + 15400. What is the greatest common divisor of 176 and o?
44
Let v(n) = -14*n**3 - 5*n + 3. Let p be v(-3). What is the highest common factor of 44 and p?
44
Let x(j) = -j**3 + 13*j**2 + 15*j - 12. Let u be x(-2). What is the highest common factor of 582 and u?
6
Let c(l) = l**3 + l**2 + 2. Let n be c(0). Let t be n/8*-4*1*-12. Calculate the highest common factor of t and 18.
6
Let k be ((-8)/(-4))/((-38)/(-21945)). Calculate the greatest common divisor of k and 77.
77
Let i(h) = 3*h + 2. Let j be i(8). Let m be (4/(-6))/(j/(-39)). Let n be m + 8 + 0/(-1). What is the highest common factor of 81 and n?
9
Let s = 97 + -96. Let q be -11*(1 + 2*-1). Let d be -1 + -1 + q - s. What is the highest common divisor of d and 8?
8
Suppose o - 37 = 2*o. Let l = o + 45. Calculate the greatest common divisor of 4 and l.
4
Let v(t) = 5*t**2 - 10*t - 18. Let c be v(-3). What is the greatest common factor of 38 and c?
19
Suppose w + p = 14, 3*w - p - 6 = 20. Let j be (-45)/18*(-2)/w*4. Let d = -2 - -4. Calculate the highest common divisor of j and d.
2
Let d = -330 + 455. Calculate the highest common divisor of 5 and d.
5
Suppose -4*z - 4*n + 208 = 0, 6*z - 5*z - 3*n - 48 = 0. Let p(s) = 3*s + 34. Let i be p(0). What is the highest common factor of z and i?
17
Let y be (41 + -34)*2/7. What is the highest common factor of y and 21?
1
Suppose 0 = m - 3*m. Suppose 5*f = -m*f + 25. Calculate the greatest common factor of f and 25.
5
Let t = 17 - 14. Suppose 54 = -t*z + 2*f, 0 = -2*z - f - 70 + 27. Let a be z/(-6)*(4 - 1). What is the greatest common factor of 10 and a?
10
Suppose 0 = f + 5*x - 110, -2*f - 2*f = -2*x - 506. Let s = 54 + 52. Let p = s + -56. Calculate the highest common factor of p and f.
25
Let t be (-6)/12 - (-90)/(-20) - -98. Let d be (1 - -1)*(-31)/(-2). Calculate the highest common factor of t and d.
31
Let n be (-26 - (-4 + 7)) + 0. Let h = n + 37. Calculate the highest common divisor of h and 12.
4
Let z be (75/10 + 5/(-1))*4. What is the highest common factor of 410 and z?
10
Let u = -260 + 395. Calculate the highest common factor of u and 108.
27
Let o(g) = 46*g + 210. Let d be o(-3). What is the highest common factor of 666 and d?
18
Let j(f) = -f**2 - 42*f + 160. Let h be j(-43). Calculate the greatest common divisor of 26 and h.
13
Suppose 449*p - 451*p + 3614 = 0. What is the greatest common divisor of 13 and p?
13
Let l(g) = g**2 - 26*g + 46. Let q be l(24). Let m be (q/4)/((-6)/24). Calculate the greatest common divisor of m and 2.
2
Let c be 2943/33 + 2/(-11). Suppose 29 = -5*u + c. Calculate the highest common factor of 3 and u.
3
Let q(j) = -48*j + 144. Let n be q(-2). What is the highest common divisor of n and 30?
30
Let o be 0/2 + (-9)/(-3). Suppose o*f - 25 = 17. Let l = 14 - 7. Calculate the highest common factor of f and l.
7
Let i(n) = -2*n**3 + 2*n - 1. Let w be i(1). Let d be (-2)/(w/(-4)*-2). Suppose -d = -4*b + 4. What is the highest common factor of b and 22?
2
Suppose -6*a - 20 = -2*a, 4*h - 7 = -a. Suppose c - 2*t - 248 = 0, 3*c - h*t - 728 = -t. Calculate the greatest common divisor of 96 and c.
48
Let i(z) = 32*z**2 - 27*z + 197. Let d be i(9). Calculate the highest common divisor of 38 and d.
38
Suppose -20*f = -32*f + 240. What is the highest common divisor of f and 320?
20
Let k(v) = -4*v. Let s be k(-1). Let b(r) = -r**2 + 5*r - 2. Let x be 5 - (-4 - -2)*-1. Let p be b(x). What is the greatest common divisor of s and p?
4
Let d(m) = 12*m + 9. Suppose 15*s - 9*s = 12. Let u be d(s). Suppose -4*t = 23 - 111. What is the greatest common factor of t and u?
11
Let a(n) = 3*n**2 - 42*n + 55. Let y(p) = -p**2 + 14*p - 18. Let o(z) = -6*a(z) - 17*y(z). Let b be o(11). Calculate the highest common factor of 1 and b.
1
Let a(p) = -2*p**2 + p + 24. Let f be a(0). Let g be 492/9 - (-8)/f. Calculate the highest common divisor of g and 44.
11
Let c(b) = -30*b - 2. Let a be c(4). Let j = a + 184. Suppose -h - 2*s = -6*h + j, 3*s = -2*h + 40. Calculate the greatest common factor of h and 70.
14
Let b be ((-4)/(-16))/(7/196). What is the highest common divisor of 1218 and b?
7
Suppose 2*f + 5*q = 201, -4*q - 193 - 35 = -2*f. Calculate the highest common divisor of 24 and f.
12
Let w(l) be the third derivative of 11*l**5/60 - l**4/8 - l**3/3 + 20*l**2. Let g be w(-2). Calculate the highest common divisor of 64 and g.
16
Le